5*g**2 - g + 3. Suppose 3*z + 6 = -4*b - 8, 7 = z - b. Let l(w) = z*d(w) + 3*y(w). Calculate l(3).
-9
Let u(x) = -5*x + 2*x + 5 + 14. Let c(o) = -o + 9. Let z(l) = -5*c(l) + 2*u(l). Determine z(-5).
-2
Let k(t) = -9*t - 7. Let c(y) = -5*y - 3. Let j(a) = -a + 11. Let x be j(7). Let i(l) = x*k(l) - 7*c(l). Calculate i(-5).
-2
Let x(c) = -2*c**2 + 2*c + 2. Suppose -5 = 2*r - 4*z + 7, 6 = -3*r + 3*z. What is x(r)?
-2
Let i(s) = 6*s - 10. Let b(r) = -7*r + 7. Let o(k) = -8*k + 6. Let q(t) = -3*b(t) + 2*o(t). Let g(j) = 4*i(j) - 5*q(j). Calculate g(-4).
9
Let r(l) = -l**2 - 8*l - 5. Let b be r(-7). Let t(i) = -b + i**2 + 2*i**2 + i**3 + 4*i - 7*i**2. Give t(2).
-2
Let l(i) be the third derivative of i**7/840 + i**6/360 + i**5/40 + i**4/8 + 2*i**3/3 + i**2. Let j(y) be the first derivative of l(y). Determine j(-2).
-7
Let r(h) = h**2 - h. Let j(n) = n**2 - 7*n - 10. Suppose -5*u + 4*u = -7. Let a be j(u). Let c be (-4)/10 - 34/a. Give r(c).
6
Let y(a) = 7 - 6 - 4*a**2 + 5*a**2 + 8*a + 6. What is y(-7)?
0
Let c(b) = -b + 4. Let m(z) = -4*z - 40. Let v be m(-10). Calculate c(v).
4
Let i(o) = o**3 - 4*o**2 - 3*o - 7. Suppose 5*q + 6 - 31 = 0. What is i(q)?
3
Suppose n + 0 = -p + 5, -14 = -2*p - 4*n. Let d(l) be the first derivative of -l**3/3 - l**2/2 + 3*l - 7. Give d(p).
-9
Let c(v) = -v + 4. Let z be (-6)/4*(-32)/6. Calculate c(z).
-4
Let x = -8 - -12. Let a(f) = 0 + 1 + 5*f + 8 - x*f. Calculate a(-6).
3
Let f(k) be the first derivative of -1/8*k**4 + 0*k - 1 + k**3 + k**2. Let l(b) be the second derivative of f(b). Give l(4).
-6
Let j(p) = -p - 7. Let n be j(-7). Suppose l - 1 = -n*l. Suppose -2*t - l - 1 = -4*i, -5*i = -4*t - 7. Let w(o) = -o**2 - 5*o - 2. What is w(t)?
4
Let x = 16 - 11. Let k(g) = -5 + g**2 - 4*g + x*g + 1. Give k(3).
8
Let a be (-1 - 0) + 7 - 1. Suppose -a*y - 27 = -v, 6*v = 2*v + 2*y + 18. Let f(z) = 5*z**v - 1 - 3 + z + z**3 + 3. Determine f(-5).
-6
Let n(g) = g**2 + 3*g + 1. Suppose 0 = -7*i - 35 + 14. What is n(i)?
1
Let q(l) = -l + l - 2*l + 4 + 7. Let c(b) = -1. Let k(d) = 3*c(d) + q(d). Give k(6).
-4
Let c(t) = -1 + 2*t - 2 - 3*t - 2. Suppose -2*s - s - 15 = 0. Let v(y) = y + 1. Let b be v(s). Calculate c(b).
-1
Let y(x) be the second derivative of -x**5/20 - 7*x**4/12 - x**3/3 + 3*x**2/2 - 17*x. Determine y(-7).
17
Let u(y) = -y**3 + 4*y**2 - 2*y - 1. Let p be u(2). Let j(s) = -p*s**2 + s**3 - 4 + 3 - 5*s + 1. What is j(4)?
-4
Let d(q) be the second derivative of 1/10*q**5 + 1/2*q**2 + 1/3*q**3 - q + 1/6*q**4 + 0. Suppose 5 + 14 = -4*p + 5*n, 5*p = 3*n - 14. Calculate d(p).
-1
Let b(p) = p - 3. Suppose 7*q + 17 + 25 = 0. What is b(q)?
-9
Let k(d) = -d - 11. Suppose 0 = -u + 2*w + 2, -5*u = -5*w - 0*w - 15. Suppose -3*l - 2*a = 0, u*a = -5*l + 3*a. Calculate k(l).
-11
Let h be ((-76)/(-20) + -4)*-5. Let o(g) be the first derivative of -6*g - 1/2*g**2 + h. What is o(0)?
-6
Let u be 8/(-8)*1/(-20). Let z(n) be the second derivative of n**2 + 0 - 1/4*n**4 - u*n**5 + 2/3*n**3 - 3*n. Calculate z(-4).
2
Let o(t) = 2 + t**2 - 6 - 8*t + 0. Let f(y) = 3*y. Let l(h) = 7*h. Let v(p) = 5*f(p) - 2*l(p). Let g(x) = -o(x) - 4*v(x). Give g(5).
-1
Let r = 11 + -8. Let k(s) = 0*s**2 - 4*s**r + 4*s**2 - 5*s**2. Suppose 5*b = 4*b - 1. Give k(b).
3
Let d(i) = i - 2. Let c be (-5)/(-2)*(-132)/(-55). What is d(c)?
4
Let t(n) = n**3 + 3*n**2 - 3*n - 3. Let p be t(-3). Let f(x) = -3 + x + p + 3. Let d(y) = -y**2 + 8*y. Let l be d(8). Determine f(l).
6
Let n be (-48)/30*5/2. Let a be (-1)/(-4) - 57/(-12). Let d(i) = 4 - 3*i**3 + 6*i + 4*i**3 - 1 + a*i**2. Calculate d(n).
-5
Suppose -4*u = -0 - 16. Let a(k) be the third derivative of 0 + k**3 - 1/6*k**4 + k**2 + 0*k + 1/60*k**5. Calculate a(u).
6
Let k(g) = g**2 + 3*g + 2. Let o be (-4)/(-6)*(-45)/(-6). Suppose -x = o*s - 5, s + 3*x + 6 = -7. Let h be 3*(-1 - s)/3. What is k(h)?
2
Let u(k) = -2*k**3 + 5*k**2 + 5*k + 1. Let c = 8 - 5. Let x(i) = 10*i - c*i**3 + 10*i**2 - 3 + 3 + 1. Let g(f) = 5*u(f) - 3*x(f). Give g(-4).
6
Let h(c) be the first derivative of -c**3/3 - 3*c**2/2 + 2*c - 4. Let n be h(-2). Suppose -n*u + 8 = -0*u. Let l(r) = -r**3 + 3*r**2 + 2. Give l(u).
6
Let s be (-2)/((-5)/2 + 2). Suppose -3*v + s = -5. Let r(b) = v + 2*b**2 - 4*b + 4 - 6. Determine r(3).
7
Let u(b) = -4*b - 1. Let h(k) = -11*k - 4. Let y(g) = 2*h(g) - 7*u(g). Suppose -67*m = -60*m - 7. Determine y(m).
5
Let n(h) = 3*h**2 + 5*h. Let g(z) = 16*z**2 + 26*z. Let u(x) = 2*g(x) - 11*n(x). Let d be u(-4). Let r(t) = -t + 3. Give r(d).
7
Let v(h) be the third derivative of h**9/60480 - h**8/6720 + h**7/5040 + h**6/360 + h**5/60 + h**2. Let j(z) be the third derivative of v(z). Calculate j(3).
5
Let d(l) = 6*l + 3*l - 3*l + 2*l. Suppose 7 = o + 8. Determine d(o).
-8
Let i(x) = -7*x**2. Let q(a) = -a**3 + 9*a**2 - 7*a + 5. Let f be q(8). Let s = -14 + f. Calculate i(s).
-7
Let f(t) = t**2 + 3*t - 6. Let u(w) = 3*w. Let s be u(1). Suppose 0 = -s*b + 2*b + 10. Let i = -15 + b. Determine f(i).
4
Let x = 28 + -25. Let v(u) be the second derivative of 0 + 2*u - 1/3*u**x + 1/20*u**5 + 1/3*u**4 - 3*u**2. Calculate v(-4).
2
Let p(d) = d**2 - 9*d + 21. Let u be p(5). Let v(r) = -5*r**3 + r**2 - 7*r. Let l(q) = -4*q**2 - q**3 + 5*q**2 + 0*q**3. Let g(t) = u*v(t) - 6*l(t). Give g(6).
-6
Let z(f) be the second derivative of -1/20*f**5 + 0 + 1/2*f**3 - f**2 + 2*f + 1/12*f**4. Determine z(2).
0
Let j(u) = -2*u + 44. Let h be j(19). Let k(o) = 3*o**3 + 9*o**2 + 3*o + 1. Let c(v) = -v**3 - v**2 + v. Let l(i) = -4*c(i) - k(i). Determine l(h).
-7
Let x(m) = -m**3 - 7*m**2 - 16*m - 7. Let q(p) = -p**3 - 7*p**2 - 15*p - 7. Let f(n) = 7*q(n) - 6*x(n). Give f(-6).
11
Let k(u) = -u**2 - 7*u + 3. Suppose 0*r = 4*r - 2*n + 24, 4 = -3*r + 5*n. Determine k(r).
-5
Let g be (1 - -2)/(3/(-4)). Let y = 3 + 0. Let l(s) = s + 5 - 4 - y + 5. What is l(g)?
-1
Let a(j) = -2*j**2 - j + 6. Let w(q) = -q**2 - 1. Let s(o) = -a(o) - 5*w(o). Suppose 3 = -5*b + 2*b. Let n = b - -2. Give s(n).
7
Let b(l) = -l**2 - l + 1. Let y = 3 + 8. Suppose 19 = -p - y. Let o be (2/4)/(5/p). Determine b(o).
-5
Let p(i) = -10 - 5*i + i + 0 - 2*i + i**2. Determine p(8).
6
Let h(q) = q**2 + 7*q + 2. Suppose 2*z = 13*z + 33. Calculate h(z).
-10
Let m(u) = -u**3 + 0*u + 0*u + 4*u**2 - 2 - u. Suppose 44 = k + k. Suppose 0 = 2*y - 3*l, 7 - k = -3*y - 3*l. Give m(y).
4
Let l(b) = b - 1. Let x(p) = 8*p - 4*p + p**2 + 3*p - 4 - 2*p. Let w be x(-6). Suppose -3*m + 24 = -8*c + 3*c, 0 = 4*m + w*c - 6. Calculate l(m).
2
Let j = -15 + 10. Let d(u) = 2*u. Let o(t) = t. Let i(w) = j*o(w) + 3*d(w). Determine i(5).
5
Let f(t) be the second derivative of 1/6*t**3 - t + t**2 + 0. Give f(5).
7
Suppose 21 - 6 = t. Let f = 11 - t. Let u(k) be the second derivative of k**5/20 + k**4/3 - k**3/6 + k**2 + 4*k. Determine u(f).
6
Let n(v) = -v**3 + 4*v**2 - 2*v - 1. Let p be n(3). Suppose -3*h + 16 = -2*k, 5*h + k = 4*k + 25. Let a(g) = -3*g**h - g + 1 + 2*g + 4*g**p. Calculate a(-3).
7
Let v(y) be the third derivative of 0*y - 5/24*y**4 + 0 + 1/12*y**5 - 3*y**2 + 1/6*y**3 - 1/120*y**6. What is v(4)?
-3
Let y be 3 + 2 - 0 - 0. Let n(i) = i**2 + i. Let o(m) = 4*m**2 - m - 3. Let d(j) = y*n(j) - o(j). Calculate d(-6).
3
Let i(v) = -6*v**3 + 1. Let p = 1 + -2. Determine i(p).
7
Suppose 3*t - 5*j = -7, -t + 4*j = -5*t + 12. Let p(v) = t + 0*v**2 + 3*v**2 - 5 + v + 0*v - v**3. Give p(3).
-1
Let t(y) = 3*y - 2*y - 5*y + y**2 - 2. Let h = -13 - -18. Give t(h).
3
Suppose 0 = v - 5*v + 40. Let j be (-54)/15 + (-4)/v. Let n(d) = -d - 5. Let k(t) = -2*t - 6. Let o(h) = -2*k(h) + 3*n(h). Give o(j).
-7
Suppose u + 7 = 4. Let w(s) be the first derivative of -s**5/60 - s**4/6 - s**3/2 - s**2/2 - 1. Let o(i) be the second derivative of w(i). Calculate o(u).
0
Let v(x) = x**2 - 7*x + 5. Let b(w) = -w + 3. Let y be b(5). Let p be (1/y)/(1/(-30)). Suppose -m + p = 2*m. Calculate v(m).
-5
Let p(n) = 0*n**2 + 3*n**2 - 5*n - 4*n**2 + 6. Calculate p(-5).
6
Let z(u) be the second derivative of u**3/6 + 4*u**2 + 15*u. What is z(-6)?
2
Let m(c) = c**2 + 7*c + 3. Let n be (1/(-2))/(1/(-8)). Let s be ((-6)/n)/(12/(-16)). Suppose -11 = 3*a + s*r, -2*r + 6 = r. Calculate m(a).
-7
Let a(h) = -h + 5. Let t(s) = 2*s - 3*s - 1 + 0*s + 2*s. Let w be t(4). Suppose 0 = -5*p - 5*o, -w*o + 6*o = 4*p + 35. Determine a(p).
10
Let c be -3 + -2*(